{"id":15,"date":"2018-07-10T09:28:49","date_gmt":"2018-07-10T07:28:49","guid":{"rendered":"http:\/\/www.emergences-audelefranc.com\/?page_id=15"},"modified":"2020-06-29T13:08:44","modified_gmt":"2020-06-29T11:08:44","slug":"sportifs","status":"publish","type":"page","link":"https:\/\/www.emergences-audelefranc.com\/index.php\/sportifs\/","title":{"rendered":"Sportifs"},"content":{"rendered":"<div class=\"vce-row-container\"><div class=\"vce-row vce-element--has-background vce-row--col-gap-30 vce-row-columns--top vce-row-content--top\" data-vce-full-width=\"true\" id=\"el-58d4034b\" data-vce-do-apply=\"all el-58d4034b\"><div class=\"vce-content-background-container\"><\/div><div class=\"vce-row-content\" data-vce-element-content=\"true\" style=\"padding-left: 53.75px;padding-right: 53.7666px\"><div class=\"vce-col vce-col--md-100p vce-col--xs-1 vce-col--xs-last vce-col--xs-first vce-col--sm-last vce-col--sm-first vce-col--md-last vce-col--lg-last vce-col--xl-last vce-col--md-first vce-col--lg-first vce-col--xl-first\" id=\"el-1eb64561\"><div class=\"vce-col-inner\" data-vce-do-apply=\"border margin background  el-1eb64561\"><div class=\"vce-col-content\" data-vce-element-content=\"true\" data-vce-do-apply=\"padding el-1eb64561\"><div id=\"el-860ba938\" class=\"vce-slider-revolution--align-left\"><div class=\"vce vce-slider-revolution\" data-vce-do-apply=\"all el-860ba938\">\n<div id=\"rev_slider_4_1_wrapper\" class=\"rev_slider_wrapper fullwidthbanner-container\" data-source=\"gallery\" style=\"margin:0px auto;background:transparent;padding:0px;margin-top:0px;margin-bottom:0px;\">\n<!-- START REVOLUTION SLIDER 5.4.3.1 auto mode -->\n\t<div id=\"rev_slider_4_1\" class=\"rev_slider fullwidthabanner\" style=\"display:none;\" data-version=\"5.4.3.1\">\n<ul>\t<!-- SLIDE  -->\n\t<li data-index=\"rs-7\" data-transition=\"fade\" data-slotamount=\"default\" data-hideafterloop=\"0\" data-hideslideonmobile=\"off\"  data-easein=\"default\" data-easeout=\"default\" data-masterspeed=\"300\"  data-thumb=\"https:\/\/www.emergences-audelefranc.com\/wp-content\/uploads\/2018\/09\/arriere-100x50.jpg\"  data-rotate=\"0\"  data-saveperformance=\"off\"  data-title=\"Slide\" data-param1=\"\" data-param2=\"\" data-param3=\"\" data-param4=\"\" data-param5=\"\" data-param6=\"\" data-param7=\"\" data-param8=\"\" data-param9=\"\" data-param10=\"\" data-description=\"\">\n\t\t<!-- MAIN IMAGE -->\n\t\t<img src=\"https:\/\/www.emergences-audelefranc.com\/wp-content\/uploads\/2018\/09\/arriere.jpg\"  alt=\"\" title=\"arriere\"  width=\"3395\" height=\"644\" data-bgposition=\"center center\" data-bgfit=\"cover\" data-bgrepeat=\"no-repeat\" class=\"rev-slidebg\" data-no-retina>\n\t\t<!-- LAYERS -->\n\n\t\t<!-- LAYER NR. 1 -->\n\t\t<div class=\"tp-caption   tp-resizeme\" \n\t\t\t id=\"slide-7-layer-1\" \n\t\t\t data-x=\"\" \n\t\t\t data-y=\"\" \n\t\t\t\t\t\tdata-width=\"['none','none','none','none']\"\n\t\t\tdata-height=\"['none','none','none','none']\"\n \n\t\t\tdata-type=\"image\" \n\t\t\tdata-responsive_offset=\"on\" \n\n\t\t\tdata-frames='[{\"delay\":10,\"speed\":300,\"frame\":\"0\",\"from\":\"opacity:0;\",\"to\":\"o:1;\",\"ease\":\"Power3.easeInOut\"},{\"delay\":\"wait\",\"speed\":300,\"frame\":\"999\",\"to\":\"opacity:0;\",\"ease\":\"Power3.easeInOut\"}]'\n\t\t\tdata-textAlign=\"['inherit','inherit','inherit','inherit']\"\n\t\t\tdata-paddingtop=\"[0,0,0,0]\"\n\t\t\tdata-paddingright=\"[0,0,0,0]\"\n\t\t\tdata-paddingbottom=\"[0,0,0,0]\"\n\t\t\tdata-paddingleft=\"[0,0,0,0]\"\n\n\t\t\tstyle=\"z-index: 5;\"><img src=\"https:\/\/www.emergences-audelefranc.com\/wp-content\/uploads\/2018\/09\/header-1.jpg\" alt=\"\" data-ww=\"2000px\" data-hh=\"550px\" width=\"2000\" height=\"550\" data-no-retina> <\/div>\n\n\t\t<!-- LAYER NR. 2 -->\n\t\t<div class=\"tp-caption   tp-resizeme\" \n\t\t\t id=\"slide-7-layer-3\" \n\t\t\t data-x=\"-1\" \n\t\t\t data-y=\"-9\" \n\t\t\t\t\t\tdata-width=\"['none','none','none','none']\"\n\t\t\tdata-height=\"['none','none','none','none']\"\n \n\t\t\tdata-type=\"image\" \n\t\t\tdata-responsive_offset=\"on\" \n\n\t\t\tdata-frames='[{\"delay\":0,\"speed\":300,\"frame\":\"0\",\"from\":\"opacity:0;\",\"to\":\"o:1;\",\"ease\":\"Power3.easeInOut\"},{\"delay\":\"wait\",\"speed\":300,\"frame\":\"999\",\"to\":\"opacity:0;\",\"ease\":\"Power3.easeInOut\"}]'\n\t\t\tdata-textAlign=\"['inherit','inherit','inherit','inherit']\"\n\t\t\tdata-paddingtop=\"[0,0,0,0]\"\n\t\t\tdata-paddingright=\"[0,0,0,0]\"\n\t\t\tdata-paddingbottom=\"[0,0,0,0]\"\n\t\t\tdata-paddingleft=\"[0,0,0,0]\"\n\n\t\t\tstyle=\"z-index: 6;\"><img src=\"https:\/\/www.emergences-audelefranc.com\/wp-content\/uploads\/2018\/09\/chloe.jpg\" alt=\"\" data-ww=\"2051px\" data-hh=\"631px\" width=\"2051\" height=\"631\" data-no-retina> <\/div>\n\t<\/li>\n<\/ul>\n<script>var htmlDiv = document.getElementById(\"rs-plugin-settings-inline-css\"); var htmlDivCss=\"\";\r\n\t\t\t\t\t\tif(htmlDiv) {\r\n\t\t\t\t\t\t\thtmlDiv.innerHTML = htmlDiv.innerHTML + htmlDivCss;\r\n\t\t\t\t\t\t}else{\r\n\t\t\t\t\t\t\tvar htmlDiv = document.createElement(\"div\");\r\n\t\t\t\t\t\t\thtmlDiv.innerHTML = \"<style>\" + htmlDivCss + \"<\/style>\";\r\n\t\t\t\t\t\t\tdocument.getElementsByTagName(\"head\")[0].appendChild(htmlDiv.childNodes[0]);\r\n\t\t\t\t\t\t}\r\n\t\t\t\t\t<\/script>\n<div class=\"tp-bannertimer tp-bottom\" style=\"visibility: hidden !important;\"><\/div>\t<\/div>\n<script>var htmlDiv = document.getElementById(\"rs-plugin-settings-inline-css\"); var htmlDivCss=\"\";\r\n\t\t\t\tif(htmlDiv) {\r\n\t\t\t\t\thtmlDiv.innerHTML = htmlDiv.innerHTML + htmlDivCss;\r\n\t\t\t\t}else{\r\n\t\t\t\t\tvar htmlDiv = document.createElement(\"div\");\r\n\t\t\t\t\thtmlDiv.innerHTML = \"<style>\" + htmlDivCss + \"<\/style>\";\r\n\t\t\t\t\tdocument.getElementsByTagName(\"head\")[0].appendChild(htmlDiv.childNodes[0]);\r\n\t\t\t\t}\r\n\t\t\t<\/script>\n\t\t<script type=\"text\/javascript\">\r\nsetREVStartSize({c: jQuery('#rev_slider_4_1'), gridwidth: [2000], gridheight: [550], sliderLayout: 'auto'});\r\n\t\t\t\r\nvar revapi4,\r\n\ttpj=jQuery;\r\n\t\t\t\r\ntpj(document).ready(function() {\n\tif(tpj(\"#rev_slider_4_1\").revolution == undefined){\n\t\trevslider_showDoubleJqueryError(\"#rev_slider_4_1\");\n\t}else{\n\t\trevapi4 = tpj(\"#rev_slider_4_1\").show().revolution({\n\t\t\tsliderType:\"standard\",\n\t\t\tjsFileLocation:\"\/\/www.emergences-audelefranc.com\/wp-content\/plugins\/revslider\/public\/assets\/js\/\",\n\t\t\tsliderLayout:\"auto\",\n\t\t\tdottedOverlay:\"none\",\n\t\t\tdelay:9000,\n\t\t\tnavigation: {\n\t\t\t\tkeyboardNavigation:\"off\",\n\t\t\t\tkeyboard_direction: \"horizontal\",\n\t\t\t\tmouseScrollNavigation:\"off\",\n \t\t\t\t\t\t\tmouseScrollReverse:\"default\",\n\t\t\t\tonHoverStop:\"off\",\n\t\t\t\tarrows: {\n\t\t\t\t\tstyle:\"hesperiden\",\n\t\t\t\t\tenable:true,\n\t\t\t\t\thide_onmobile:false,\n\t\t\t\t\thide_onleave:false,\n\t\t\t\t\ttmp:'',\n\t\t\t\t\tleft: {\n\t\t\t\t\t\th_align:\"left\",\n\t\t\t\t\t\tv_align:\"center\",\n\t\t\t\t\t\th_offset:20,\n\t\t\t\t\t\tv_offset:0\n\t\t\t\t\t},\n\t\t\t\t\tright: {\n\t\t\t\t\t\th_align:\"right\",\n\t\t\t\t\t\tv_align:\"center\",\n\t\t\t\t\t\th_offset:20,\n\t\t\t\t\t\tv_offset:0\n\t\t\t\t\t}\n\t\t\t\t}\n\t\t\t},\n\t\t\tvisibilityLevels:[1240,1024,778,480],\n\t\t\tgridwidth:2000,\n\t\t\tgridheight:550,\n\t\t\tlazyType:\"none\",\n\t\t\tshadow:0,\n\t\t\tspinner:\"spinner0\",\n\t\t\tstopLoop:\"off\",\n\t\t\tstopAfterLoops:-1,\n\t\t\tstopAtSlide:-1,\n\t\t\tshuffle:\"off\",\n\t\t\tautoHeight:\"off\",\n\t\t\tdisableProgressBar:\"on\",\n\t\t\thideThumbsOnMobile:\"off\",\n\t\t\thideSliderAtLimit:0,\n\t\t\thideCaptionAtLimit:0,\n\t\t\thideAllCaptionAtLilmit:0,\n\t\t\tdebugMode:false,\n\t\t\tfallbacks: {\n\t\t\t\tsimplifyAll:\"off\",\n\t\t\t\tnextSlideOnWindowFocus:\"off\",\n\t\t\t\tdisableFocusListener:false,\n\t\t\t}\n\t\t});\n\t}\n\t\n});\t\/*ready*\/\n<\/script>\r\n\t\t<script>\r\n\t\t\t\t\tvar htmlDivCss = unescape(\".hesperiden.tparrows%20%7B%0A%09cursor%3Apointer%3B%0A%09background%3Argba%280%2C0%2C0%2C0.5%29%3B%0A%09width%3A40px%3B%0A%09height%3A40px%3B%0A%09position%3Aabsolute%3B%0A%09display%3Ablock%3B%0A%09z-index%3A100%3B%0A%20%20%20%20border-radius%3A%2050%25%3B%0A%7D%0A.hesperiden.tparrows%3Ahover%20%7B%0A%09background%3Argba%280%2C%200%2C%200%2C%201%29%3B%0A%7D%0A.hesperiden.tparrows%3Abefore%20%7B%0A%09font-family%3A%20%22revicons%22%3B%0A%09font-size%3A20px%3B%0A%09color%3Argb%28255%2C%20255%2C%20255%29%3B%0A%09display%3Ablock%3B%0A%09line-height%3A%2040px%3B%0A%09text-align%3A%20center%3B%0A%7D%0A.hesperiden.tparrows.tp-leftarrow%3Abefore%20%7B%0A%09content%3A%20%22%5Ce82c%22%3B%0A%20%20%20%20margin-left%3A-3px%3B%0A%7D%0A.hesperiden.tparrows.tp-rightarrow%3Abefore%20%7B%0A%09content%3A%20%22%5Ce82d%22%3B%0A%20%20%20%20margin-right%3A-3px%3B%0A%7D%0A\");\r\n\t\t\t\t\tvar htmlDiv = document.getElementById('rs-plugin-settings-inline-css');\r\n\t\t\t\t\tif(htmlDiv) {\r\n\t\t\t\t\t\thtmlDiv.innerHTML = htmlDiv.innerHTML + htmlDivCss;\r\n\t\t\t\t\t}\r\n\t\t\t\t\telse{\r\n\t\t\t\t\t\tvar htmlDiv = document.createElement('div');\r\n\t\t\t\t\t\thtmlDiv.innerHTML = '<style>' + htmlDivCss + '<\/style>';\r\n\t\t\t\t\t\tdocument.getElementsByTagName('head')[0].appendChild(htmlDiv.childNodes[0]);\r\n\t\t\t\t\t}\r\n\t\t\t\t  <\/script>\r\n\t\t\t\t<\/div><!-- END REVOLUTION SLIDER --><\/div><\/div><\/div><\/div><\/div><\/div><\/div><\/div><div class=\"vce-row-container\"><div class=\"vce-row vce-row--col-gap-30 vce-row-columns--top vce-row-content--top\" id=\"el-75f3d4c3\" data-vce-do-apply=\"all el-75f3d4c3\"><div class=\"vce-row-content\" data-vce-element-content=\"true\"><div class=\"vce-col vce-col--md-auto vce-col--xs-1 vce-col--xs-last vce-col--xs-first vce-col--sm-last vce-col--sm-first vce-col--md-last vce-col--lg-last vce-col--xl-last vce-col--md-first vce-col--lg-first vce-col--xl-first\" id=\"el-aaf3dd25\"><div class=\"vce-col-inner\" data-vce-do-apply=\"border margin background  el-aaf3dd25\"><div class=\"vce-col-content\" data-vce-element-content=\"true\" data-vce-do-apply=\"padding el-aaf3dd25\"><div class=\"vce-text-block\"><div class=\"vce-text-block-wrapper vce\" id=\"el-c4c3fa39\" data-vce-do-apply=\"all el-c4c3fa39\"><h1 class=\"p1\" style=\"text-align: center\"><span class=\"s1\" style=\"color: #800080\">Optimiser votre potentiel sportif !<br>Maitrisez les essentiels de la pr\u00e9paration mentale et mettez-les en pratique dans votre quotidien sportif\u2026<\/span><\/h1><\/div><\/div><\/div><\/div><\/div><\/div><\/div><\/div><div class=\"vce-row-container\"><div class=\"vce-row vce-row--col-gap-30 vce-row-columns--top vce-row-content--top\" id=\"el-2eacae33\" data-vce-do-apply=\"all el-2eacae33\"><div class=\"vce-row-content\" data-vce-element-content=\"true\"><div class=\"vce-col vce-col--md-50p vce-col--xs-1 vce-col--xs-last vce-col--xs-first vce-col--sm-last vce-col--sm-first vce-col--md-first vce-col--lg-first vce-col--xl-first\" id=\"el-24f89217\"><div class=\"vce-col-inner\" data-vce-do-apply=\"border margin background  el-24f89217\"><div class=\"vce-col-content\" data-vce-element-content=\"true\" data-vce-do-apply=\"padding el-24f89217\"><div class=\"vce-text-block\"><div class=\"vce-text-block-wrapper vce\" id=\"el-856c7210\" data-vce-do-apply=\"all el-856c7210\"><h4><span style=\"color: #000080\">La pr\u00e9paration mentale c\u2019est d\u00e9velopper la capacit\u00e9 \u00e0 mieux g\u00e9rer les \u00e9l\u00e9ments de notre syst\u00e8me corps-cerveau comme le stress, les \u00e9motions, la confiance en soi, la concentration, la relaxation\/r\u00e9cup\u00e9ration\u2026 et cela dans une recherche de performance sportive et de mieux \u00eatre.<\/span><\/h4><h2><span style=\"color: #000080\"><strong>La m\u00e9thode:<\/strong><\/span><\/h2><ul><li><strong><span style=\"color: #000080\"> U<\/span><\/strong><span style=\"color: #000000\"><span style=\"color: #000080\"><strong>n<\/strong> <strong>premier entretien-diagnostic<\/strong><\/span> permet de faire \u00e9merger les situations et comportements qui nuisent \u00e0 l\u2019efficacit\u00e9 sportive ou bien-\u00eatre. <\/span><\/li><li><span style=\"color: #000080\"><strong>Nous d\u00e9finissons ensuite les attentes, les besoins, les points forts et les freins afin d'<\/strong><\/span><span style=\"color: #000000\"><span style=\"color: #000080\"><strong>\u00e9tablir des objectifs et une strat\u00e9gie <\/strong><\/span>de mise en \u0153uvre de la pr\u00e9paration mentale adapt\u00e9e \u00e0 la saison ou aux enjeux \u00e0 venir. <\/span><\/li><li><span style=\"color: #000000\"><span style=\"color: #000080\"><strong>Puis nous mettons en place un accompagnement sur-mesure<\/strong><\/span> en fonction de votre sport et de vos besoins. Cette \u00e9tape est formalis\u00e9e par contrat (nombre d\u2019heure, fr\u00e9quence, tarif\u2026). <br><\/span><\/li><\/ul><h2><span style=\"color: #000080\"><strong>Les r\u00e9sultats :<\/strong><\/span><\/h2><p><span style=\"color: #000080\"><strong>Vous gagner en mieux \u00eatre<\/strong><\/span> dans votre pratique sportive gr\u00e2ce \u00e0 la mise en conscience de vos freins et leviers de r\u00e9ussite\u2026<\/p><p><span style=\"color: #000080\"><strong>Vous optimisez votre potentiel<\/strong><\/span>, limiter les blessures et mettez en \u0153uvre des strat\u00e9gies efficaces pour accomplir de nouvelles performances !<\/p><h3>&nbsp;<\/h3><h2><span style=\"color: #333399\"><strong>Modalit\u00e9s :<\/strong><\/span><\/h2><p><span style=\"color: #000080\"><strong>-Travail ponctuel<\/strong><\/span> sur quelques s\u00e9ances (min 3 s\u00e9ances pour obtenir de premiers r\u00e9sultats)<\/p><p><strong><span style=\"color: #000080\">-Accompagnement suivi<\/span><\/strong> tout le long de la saison sportive.<\/p><p><span style=\"color: #000080\"><strong>-Dur\u00e9e : <\/strong><span style=\"color: #000000\">s\u00e9ance d\u20191h- 1h30 sauf si d\u00e9placement&nbsp;<\/span><\/span><\/p><p><span style=\"color: #000080\"><strong>-Tarif indicatif :<\/strong><\/span> nous consulter<\/p><\/div><\/div><\/div><\/div><\/div><div class=\"vce-col vce-col--md-50p vce-col--xs-1 vce-col--xs-last vce-col--xs-first vce-col--sm-last vce-col--sm-first vce-col--md-last vce-col--lg-last vce-col--xl-last\" id=\"el-1f52f1ef\"><div class=\"vce-col-inner\" data-vce-do-apply=\"border margin background  el-1f52f1ef\"><div class=\"vce-col-content\" data-vce-element-content=\"true\" data-vce-do-apply=\"padding el-1f52f1ef\"><div class=\"vce-text-block\"><div class=\"vce-text-block-wrapper vce\" id=\"el-8ccef88e\" data-vce-do-apply=\"all el-8ccef88e\"><h2><span class=\"s1\" style=\"color: #800080\">PUBLIC<\/span><b><i> <\/i><\/b><\/h2><h3>&nbsp;<\/h3><h3 class=\"p1\"><span style=\"color: #000080\"><strong><span class=\"s2\">Sportif professionnel - Initiation sportif amateur<\/span><\/strong><\/span><\/h3><h3 class=\"p1\"><span class=\"s2\"><span style=\"color: #000080\"><strong>Individuel - Collectif - Team<\/strong> <\/span><br><\/span><\/h3><h2>&nbsp;<\/h2><h2><span class=\"s1\"><span style=\"color: #800080\">NOS ACTIONS <\/span><b><br><\/b><\/span><\/h2><ul class=\"ul1\"><li class=\"li1\"><span class=\"s2\" style=\"color: #000080\">Performance mentale,<\/span><\/li><li class=\"li1\"><span class=\"s2\" style=\"color: #000080\">Gestion du stress, <\/span><\/li><li class=\"li1\"><span class=\"s2\" style=\"color: #000080\">Gestion de l\u2019\u00e9chec et de la r\u00e9ussite, <\/span><\/li><li class=\"li1\"><span class=\"s2\" style=\"color: #000080\">Traitement de l\u2019erreur, <\/span><\/li><li class=\"li1\"><span class=\"s2\" style=\"color: #000080\">R\u00e9gulation des \u00e9motions, <\/span><\/li><li class=\"li1\"><span class=\"s2\" style=\"color: #000080\">R\u00e9gulation de l\u2019\u00e9nergie, <\/span><\/li><li class=\"li1\"><span class=\"s2\" style=\"color: #000080\">Traitement des informations,&nbsp;<\/span><\/li><li class=\"li1\"><span class=\"s2\" style=\"color: #000080\">\u00c9valuation des comp\u00e9tences, <\/span><\/li><li class=\"li1\"><span class=\"s2\" style=\"color: #000080\">Am\u00e9lioration de la concentration, <\/span><\/li><li class=\"li1\"><span class=\"s2\" style=\"color: #000080\">Am\u00e9lioration de la confiance en soi, <\/span><\/li><li class=\"li1\"><span class=\"s2\" style=\"color: #000080\">Gestion de la vie d\u2019athl\u00e8te<\/span><\/li><li class=\"li1\"><span class=\"s2\" style=\"color: #000080\">Equilibre perso\/pro<\/span><\/li><li class=\"li1\"><span class=\"s2\" style=\"color: #000080\">Relaxation, <\/span><\/li><li class=\"li1\"><span class=\"s2\" style=\"color: #000080\">Imagerie mentale<\/span><\/li><li class=\"li1\"><span class=\"s2\" style=\"color: #000080\">Optimiser la r\u00e9cup\u00e9ration suite aux accidents du sport (choc post-traumatique, visualisation motrice)<\/span><\/li><\/ul><\/div><\/div><div class=\"vce-text-block\"><div class=\"vce-text-block-wrapper vce\" id=\"el-c8295aa8\" data-vce-do-apply=\"all el-c8295aa8\"><h2><span style=\"color: #800080\">PARCOURS NEUROSCIENCE \u2013 EPRTH\u00ae<\/span><\/h2><p><span style=\"color: #800080\"><strong>Accompagnement sp\u00e9cifique avec cette m\u00e9thode issue des neurosciences qui utilise, entre autres, le balayage oculaire.<\/strong><\/span> <\/p><p>Elle permet de r\u00e9soudre des troubles li\u00e9s au monde \u00e9motionnel (stress, confiance en soi, phobie\u2026) et facilite la r\u00e9cup\u00e9ration psychologique suite aux accidents du sport<\/p><p>Pour d\u00e9couvrir la m\u00e9thode, son champs d\u2019actions, les modalit\u00e9s, <span style=\"color: #800080\"><strong><a style=\"color: #800080\" href=\"https:\/\/www.emergences-audelefranc.com\/index.php\/2019\/01\/15\/therapie-neuroscience-eprth\/\">cliquer ici<\/a>.<\/strong><\/span><\/p><\/div><\/div><\/div><\/div><\/div><\/div><\/div><\/div><div class=\"vce-row-container\"><div class=\"vce-row vce-element--has-background vce-row--col-gap-30 vce-row-columns--top vce-row-content--top\" data-vce-full-width=\"true\" id=\"el-f882bd66\" data-vce-do-apply=\"all el-f882bd66\"><div class=\"vce-content-background-container\"><\/div><div class=\"vce-row-content\" data-vce-element-content=\"true\" style=\"padding-left: 53.75px;padding-right: 53.7666px\"><div class=\"vce-col vce-col--md-100p vce-col--xs-1 vce-col--xs-last vce-col--xs-first vce-col--sm-last vce-col--sm-first vce-col--md-last vce-col--lg-last vce-col--xl-last vce-col--md-first vce-col--lg-first vce-col--xl-first\" id=\"el-c3dfaa45\"><div class=\"vce-col-inner\" data-vce-do-apply=\"border margin background  el-c3dfaa45\"><div class=\"vce-col-content\" data-vce-element-content=\"true\" data-vce-do-apply=\"padding el-c3dfaa45\"><div class=\"vce-row-container\"><div class=\"vce-row vce-row--col-gap-30 vce-row-columns--top vce-row-content--top\" id=\"el-1a49ebc2\" data-vce-do-apply=\"all el-1a49ebc2\"><div class=\"vce-row-content\" data-vce-element-content=\"true\"><div class=\"vce-col vce-col--md-100p vce-col--xs-1 vce-col--xs-last vce-col--xs-first vce-col--sm-last vce-col--sm-first vce-col--md-last vce-col--lg-last vce-col--xl-last vce-col--md-first vce-col--lg-first vce-col--xl-first\" id=\"el-5ab484e5\"><div class=\"vce-col-inner\" data-vce-do-apply=\"border margin background  el-5ab484e5\"><div class=\"vce-col-content\" data-vce-element-content=\"true\" data-vce-do-apply=\"padding el-5ab484e5\"><div class=\"vce vce-pageable-container vce-pageable-container-pointer-color--undefined\" id=\"el-b8745d13\" data-vce-do-apply=\"all el-b8745d13\" data-vce-slick-effect=\"fade\" data-vce-slick-autoplay=\"true\" data-vce-slick-autoplay-delay=\"10000\"><div class=\"vce-pageable-container-inner\"><div class=\"vce-pageable-container-slides slick-initialized slick-slider slick-dotted\"><div class=\"slick-list draggable\" style=\"height: 367px\"><div class=\"slick-track\" style=\"width: 2200px\"><div class=\"vce-pageable-tab vc-slick-item slick-slide slick-current slick-active\" id=\"el-af4c5fe5\" data-vce-slick-dot-active=\"vce-pageable-tab-dot-active-color--000\" data-vce-do-apply=\"all el-af4c5fe5\" data-vce-slick-slider-id=\"el-b8745d13\" style=\"width: 1040px\" role=\"tabpanel\" data-slick-index=\"0\" aria-hidden=\"false\"><div class=\"vce-pageable-tab-inner\"><div class=\"vce-testimonial vce\" id=\"el-a3532f96\" data-vce-do-apply=\"all el-a3532f96\"><div><div class=\"vce-testimonial-symbol\"><\/div><div class=\"vce-testimonial-content\"><blockquote><p class=\"p1\"><span style=\"color: #ffffff\">Je suis all\u00e9e voir Aude pour travailler mon mental et plus particuli\u00e8rement ma concentration. Gr\u00e2ce \u00e0 diff\u00e9rents outils et exercices qu\u2019elle m'a fait faire, mes progr\u00e8s ont \u00e9t\u00e9 rapidement visible dans mon sport (tennis). Et Aude m'a \u00e9galement fait travailler le c\u00f4t\u00e9 perso-pro qui a un r\u00e9el impact sur mes performances sportives, ce que j'ignorais avant d'aller la voir. Depuis que je travaille avec Aude, mon niveau de jeu a donc augment\u00e9, ainsi que ma capacit\u00e9 de concentration et mon \u00e9quilibre perso-pro. Mes r\u00e9sultats en sont la preuve et mes objectifs tennistiques de l'ann\u00e9e ont \u00e9t\u00e9 atteints.<\/span><\/p><\/blockquote><\/div><div class=\"vce-testimonial-profile-wrapper vce-testimonial-title-align--center vce-testimonial-title-align-text--center\"><div class=\"vce-testimonial-title\"><div class=\"vce-testimonial-author vce-testimonial-author--color-b-255-255-255\">Emma<\/div><div class=\"vce-testimonial-company vce-testimonial-company--color-b-255-255-255\">19ans, joueuse professionnelle de tennis<\/div><\/div><\/div><\/div><\/div><\/div><\/div><div class=\"vce-pageable-tab vc-slick-item slick-slide\" id=\"el-38eea6d7\" data-vce-slick-dot-active=\"vce-pageable-tab-dot-active-color--000\" data-vce-do-apply=\"all el-38eea6d7\" data-vce-slick-slider-id=\"el-b8745d13\" style=\"width: 1040px\" role=\"tabpanel\" data-slick-index=\"1\" aria-hidden=\"true\"><div class=\"vce-pageable-tab-inner\"><div class=\"vce-testimonial vce\" id=\"el-6e506f49\" data-vce-do-apply=\"all el-6e506f49\"><div><div class=\"vce-testimonial-symbol\"><\/div><div class=\"vce-testimonial-content\"><blockquote><p style=\"text-align: center\"><span style=\"color: #ffffff\">Aude Lefranc est une coach tr\u00e8s \u00e0 l'\u00e9coute de vos besoins. Elle sait d\u00e9crypter vos attentes et vous accompagner afin de trouver des solutions concr\u00e8tes \u00e0 vos probl\u00e8mes. Sa technique EPRTH est d'une efficacit\u00e9 redoutable face aux traumatismes que vous pouvez traverser ou que vous avez enfouis au plus profond de vous. Que se soit au niveau personnel ou professionnel Aude saura vous accompagner pour vivre en paix ou vers la performance.<\/span><\/p><p style=\"text-align: center\"><span style=\"color: #ffffff\">Personnellement elle m'a permis de voir certain traumatises autrement et d'aborder ma vie plus sereinement. La performance sportive \u00e9tant bas\u00e9 sur une stabilit\u00e9&nbsp;\u00e9motionnelle importante, elle a su&nbsp;m'accompagner&nbsp;dans le d\u00e9codage de mes \u00e9motions et dans leur gestion afin d'\u00eatre toujours au top.<\/span><\/p><\/blockquote><\/div><div class=\"vce-testimonial-profile-wrapper vce-testimonial-title-align--center vce-testimonial-title-align-text--center\"><div class=\"vce-testimonial-title\"><div class=\"vce-testimonial-author vce-testimonial-author--color-b-255-255-255\">Alexander<\/div><div class=\"vce-testimonial-company vce-testimonial-company--color-b-255-255-255\">champion Olympique en natation, 31ans<\/div><\/div><\/div><\/div><\/div><\/div><\/div><\/div><\/div><\/div><div class=\"vce-pageable-container-dots\" data-reactroot=\"\"><\/div><\/div><\/div><\/div><\/div><\/div><\/div><\/div><\/div><\/div><\/div><\/div><\/div><\/div><\/div>\n","protected":false},"excerpt":{"rendered":"<p>Optimiser votre potentiel sportif !Maitrisez les essentiels de la pr\u00e9paration mentale et mettez-les en pratique dans votre quotidien sportif\u2026La pr\u00e9paration mentale c\u2019est d\u00e9velopper la capacit\u00e9 \u00e0 mieux g\u00e9rer les \u00e9l\u00e9ments de notre syst\u00e8me corps-cerveau comme le stress, les \u00e9motions, la confiance en soi, la concentration,&#8230;<\/p>\n","protected":false},"author":2,"featured_media":0,"parent":0,"menu_order":0,"comment_status":"closed","ping_status":"closed","template":"","meta":[],"_links":{"self":[{"href":"https:\/\/www.emergences-audelefranc.com\/index.php\/wp-json\/wp\/v2\/pages\/15"}],"collection":[{"href":"https:\/\/www.emergences-audelefranc.com\/index.php\/wp-json\/wp\/v2\/pages"}],"about":[{"href":"https:\/\/www.emergences-audelefranc.com\/index.php\/wp-json\/wp\/v2\/types\/page"}],"author":[{"embeddable":true,"href":"https:\/\/www.emergences-audelefranc.com\/index.php\/wp-json\/wp\/v2\/users\/2"}],"replies":[{"embeddable":true,"href":"https:\/\/www.emergences-audelefranc.com\/index.php\/wp-json\/wp\/v2\/comments?post=15"}],"version-history":[{"count":30,"href":"https:\/\/www.emergences-audelefranc.com\/index.php\/wp-json\/wp\/v2\/pages\/15\/revisions"}],"predecessor-version":[{"id":1134,"href":"https:\/\/www.emergences-audelefranc.com\/index.php\/wp-json\/wp\/v2\/pages\/15\/revisions\/1134"}],"wp:attachment":[{"href":"https:\/\/www.emergences-audelefranc.com\/index.php\/wp-json\/wp\/v2\/media?parent=15"}],"curies":[{"name":"wp","href":"https:\/\/api.w.org\/{rel}","templated":true}]}}